{"id":121,"date":"2021-07-21T16:57:40","date_gmt":"2021-07-21T16:57:40","guid":{"rendered":"https:\/\/dodies-chamber.ch\/?page_id=121"},"modified":"2022-02-28T19:09:10","modified_gmt":"2022-02-28T19:09:10","slug":"colibri-wp","status":"publish","type":"page","link":"https:\/\/dodies-chamber.ch\/","title":{"rendered":"Aktuelles"},"content":{"rendered":"<p>Eine Geburt steht an und du suchst noch nach einem passenden Geschenk? Oder suchst du ein originelles Geschenk f\u00fcr eine liebe Person? Oder willst du dir einfach etwas Aussergew\u00f6hnliches g\u00f6nnen? Dann bist du hier genau richtig!<\/p>\n<p>Viel gew\u00fcnscht und endlich online: Meine eigene Homepage. Von hier aus kannst du direkt meine Produkte bestellen. Alle Handarbeiten sind von mir angefertigt, manche nach Anleitung und f\u00fcr andere habe ich selbst eine Anleitung erstellt. Sind die Produkte nach Anleitung hergestellt, habe ich das entsprechend markiert. Ich arbeite aber auch auf Bestellung. Du hast eine Idee oder eine andere Farbvorstellung? Dann nimm mit mir Kontakt auf. Ich bin sehr flexibel und lasse mich gerne inspirieren. Artikel, die nicht mehr auf Lager sind, k\u00f6nnen jederzeit von mir hergestellt werden. Jetzt w\u00fcnsche ich euch viel Spass beim St\u00f6bern, Staunen und Bestellen. <a href=\"https:\/\/dodies-chamber.ch\/?post_type=product\">ZUM SHOP<\/a><\/p>\n<p>Neu im Shop:<\/p>\n<p>&nbsp;<\/p>\n<p><a href=\"https:\/\/dodies-chamber.ch\/?product=monsterbag\" target=\"_blank\" rel=\"noopener\">Monsterbag<\/a>\u00a0 \u00a0 \u00a0 \u00a0 \u00a0 \u00a0 \u00a0 \u00a0 \u00a0 \u00a0 <a href=\"https:\/\/dodies-chamber.ch\/?product=nadelkissen-voodoopuppe\">Nadelkissen Voodoo<\/a>\u00a0 \u00a0 \u00a0 <a href=\"https:\/\/dodies-chamber.ch\/?product=brillenhalter\">Brillenhalter<\/a><\/p>\n<p><a href=\"https:\/\/dodies-chamber.ch\/wp-content\/uploads\/2022\/02\/monsterbagbeige-scaled.jpg\"><img decoding=\"async\" class=\"alignleft size-thumbnail wp-image-808\" src=\"https:\/\/dodies-chamber.ch\/wp-content\/uploads\/2022\/02\/monsterbagbeige-150x150.jpg\" alt=\"\" width=\"150\" height=\"150\" srcset=\"https:\/\/dodies-chamber.ch\/wp-content\/uploads\/2022\/02\/monsterbagbeige-150x150.jpg 150w, https:\/\/dodies-chamber.ch\/wp-content\/uploads\/2022\/02\/monsterbagbeige-100x100.jpg 100w, https:\/\/dodies-chamber.ch\/wp-content\/uploads\/2022\/02\/monsterbagbeige-600x600.jpg 600w, https:\/\/dodies-chamber.ch\/wp-content\/uploads\/2022\/02\/monsterbagbeige-300x300.jpg 300w, https:\/\/dodies-chamber.ch\/wp-content\/uploads\/2022\/02\/monsterbagbeige-1024x1024.jpg 1024w, https:\/\/dodies-chamber.ch\/wp-content\/uploads\/2022\/02\/monsterbagbeige-768x768.jpg 768w, https:\/\/dodies-chamber.ch\/wp-content\/uploads\/2022\/02\/monsterbagbeige-1536x1536.jpg 1536w, https:\/\/dodies-chamber.ch\/wp-content\/uploads\/2022\/02\/monsterbagbeige-2048x2048.jpg 2048w\" sizes=\"(max-width: 150px) 100vw, 150px\" \/><\/a>\u00a0 \u00a0 <a href=\"https:\/\/dodies-chamber.ch\/wp-content\/uploads\/2022\/02\/Voodoodoll1-scaled.jpg\"><img decoding=\"async\" class=\"alignleft size-thumbnail wp-image-811\" src=\"https:\/\/dodies-chamber.ch\/wp-content\/uploads\/2022\/02\/Voodoodoll1-150x150.jpg\" alt=\"\" width=\"150\" height=\"150\" srcset=\"https:\/\/dodies-chamber.ch\/wp-content\/uploads\/2022\/02\/Voodoodoll1-150x150.jpg 150w, https:\/\/dodies-chamber.ch\/wp-content\/uploads\/2022\/02\/Voodoodoll1-100x100.jpg 100w\" sizes=\"(max-width: 150px) 100vw, 150px\" \/><\/a> <a href=\"https:\/\/dodies-chamber.ch\/wp-content\/uploads\/2022\/02\/glassesholder-scaled.jpg\"><img decoding=\"async\" class=\"alignleft size-thumbnail wp-image-805\" src=\"https:\/\/dodies-chamber.ch\/wp-content\/uploads\/2022\/02\/glassesholder-150x150.jpg\" alt=\"\" width=\"150\" height=\"150\" srcset=\"https:\/\/dodies-chamber.ch\/wp-content\/uploads\/2022\/02\/glassesholder-150x150.jpg 150w, https:\/\/dodies-chamber.ch\/wp-content\/uploads\/2022\/02\/glassesholder-100x100.jpg 100w, https:\/\/dodies-chamber.ch\/wp-content\/uploads\/2022\/02\/glassesholder-600x600.jpg 600w, https:\/\/dodies-chamber.ch\/wp-content\/uploads\/2022\/02\/glassesholder-300x300.jpg 300w, https:\/\/dodies-chamber.ch\/wp-content\/uploads\/2022\/02\/glassesholder-1024x1024.jpg 1024w, https:\/\/dodies-chamber.ch\/wp-content\/uploads\/2022\/02\/glassesholder-768x768.jpg 768w, https:\/\/dodies-chamber.ch\/wp-content\/uploads\/2022\/02\/glassesholder-1536x1536.jpg 1536w, https:\/\/dodies-chamber.ch\/wp-content\/uploads\/2022\/02\/glassesholder-2048x2048.jpg 2048w\" sizes=\"(max-width: 150px) 100vw, 150px\" \/><\/a><\/p>\n<p>&nbsp;<\/p>\n<p>&nbsp;<\/p>\n","protected":false},"excerpt":{"rendered":"<p>Eine Geburt steht an und du suchst noch nach einem passenden Geschenk? Oder suchst du ein originelles Geschenk f\u00fcr eine liebe Person? Oder willst du dir einfach etwas Aussergew\u00f6hnliches g\u00f6nnen? Dann bist du hier genau richtig! Viel gew\u00fcnscht und endlich online: Meine eigene Homepage. Von hier aus kannst du direkt meine Produkte bestellen. Alle Handarbeiten&hellip;&nbsp;<a href=\"https:\/\/dodies-chamber.ch\/\" rel=\"bookmark\">Weiterlesen &raquo;<span class=\"screen-reader-text\">Aktuelles<\/span><\/a><\/p>\n","protected":false},"author":1,"featured_media":0,"parent":0,"menu_order":0,"comment_status":"closed","ping_status":"closed","template":"","meta":{"neve_meta_sidebar":"","neve_meta_container":"","neve_meta_enable_content_width":"off","neve_meta_content_width":100,"neve_meta_title_alignment":"","neve_meta_author_avatar":"","neve_post_elements_order":"","neve_meta_disable_header":"","neve_meta_disable_footer":"","neve_meta_disable_title":"","footnotes":""},"class_list":["post-121","page","type-page","status-publish","hentry"],"_links":{"self":[{"href":"https:\/\/dodies-chamber.ch\/index.php?rest_route=\/wp\/v2\/pages\/121","targetHints":{"allow":["GET"]}}],"collection":[{"href":"https:\/\/dodies-chamber.ch\/index.php?rest_route=\/wp\/v2\/pages"}],"about":[{"href":"https:\/\/dodies-chamber.ch\/index.php?rest_route=\/wp\/v2\/types\/page"}],"author":[{"embeddable":true,"href":"https:\/\/dodies-chamber.ch\/index.php?rest_route=\/wp\/v2\/users\/1"}],"replies":[{"embeddable":true,"href":"https:\/\/dodies-chamber.ch\/index.php?rest_route=%2Fwp%2Fv2%2Fcomments&post=121"}],"version-history":[{"count":25,"href":"https:\/\/dodies-chamber.ch\/index.php?rest_route=\/wp\/v2\/pages\/121\/revisions"}],"predecessor-version":[{"id":822,"href":"https:\/\/dodies-chamber.ch\/index.php?rest_route=\/wp\/v2\/pages\/121\/revisions\/822"}],"wp:attachment":[{"href":"https:\/\/dodies-chamber.ch\/index.php?rest_route=%2Fwp%2Fv2%2Fmedia&parent=121"}],"curies":[{"name":"wp","href":"https:\/\/api.w.org\/{rel}","templated":true}]}}