{"id":405,"date":"2021-08-16T16:41:12","date_gmt":"2021-08-16T16:41:12","guid":{"rendered":"https:\/\/dodies-chamber.ch\/?post_type=product&#038;p=405"},"modified":"2022-01-18T15:25:03","modified_gmt":"2022-01-18T15:25:03","slug":"pestdoktor","status":"publish","type":"product","link":"https:\/\/dodies-chamber.ch\/?product=pestdoktor","title":{"rendered":"Pestdoktor"},"content":{"rendered":"<p>Dieser kleine Kerl stammt aus dem Mittelalter und war nicht gerne gesehen. Zum Gl\u00fcck sind diese Zeiten vorbei. Der schwarze Hut ist abnehmbar. Ein graues Gewandt ziert seinen K\u00f6rper, einen langen Stab h\u00e4lt er in seiner linken Hand. Die Augen sind geh\u00e4kelt. Er kann alleine stehen und ist ca. 25 cm gross.<\/p>\n<p>&nbsp;<\/p>\n","protected":false},"excerpt":{"rendered":"<p>Pestdoktor aus dem Mittelalter. Die Augen sind geh\u00e4kelt, Gr\u00f6sse ca. 25 cm. Nicht auf Lager<\/p>\n","protected":false},"featured_media":406,"comment_status":"open","ping_status":"closed","template":"","meta":{"neve_meta_sidebar":"","neve_meta_container":"","neve_meta_enable_content_width":"off","neve_meta_content_width":100,"neve_meta_title_alignment":"","neve_meta_author_avatar":"","neve_post_elements_order":"","neve_meta_disable_header":"","neve_meta_disable_footer":"","neve_meta_disable_title":""},"product_brand":[],"product_cat":[16],"product_tag":[42,22],"class_list":{"0":"post-405","1":"product","2":"type-product","3":"status-publish","4":"has-post-thumbnail","6":"product_cat-stofftier","7":"product_tag-gestickte-gehaekelte-augen","8":"product_tag-gothic-spielzeug","10":"first","11":"instock","12":"taxable","13":"shipping-taxable","14":"purchasable","15":"product-type-simple"},"_links":{"self":[{"href":"https:\/\/dodies-chamber.ch\/index.php?rest_route=\/wp\/v2\/product\/405","targetHints":{"allow":["GET"]}}],"collection":[{"href":"https:\/\/dodies-chamber.ch\/index.php?rest_route=\/wp\/v2\/product"}],"about":[{"href":"https:\/\/dodies-chamber.ch\/index.php?rest_route=\/wp\/v2\/types\/product"}],"replies":[{"embeddable":true,"href":"https:\/\/dodies-chamber.ch\/index.php?rest_route=%2Fwp%2Fv2%2Fcomments&post=405"}],"wp:featuredmedia":[{"embeddable":true,"href":"https:\/\/dodies-chamber.ch\/index.php?rest_route=\/wp\/v2\/media\/406"}],"wp:attachment":[{"href":"https:\/\/dodies-chamber.ch\/index.php?rest_route=%2Fwp%2Fv2%2Fmedia&parent=405"}],"wp:term":[{"taxonomy":"product_brand","embeddable":true,"href":"https:\/\/dodies-chamber.ch\/index.php?rest_route=%2Fwp%2Fv2%2Fproduct_brand&post=405"},{"taxonomy":"product_cat","embeddable":true,"href":"https:\/\/dodies-chamber.ch\/index.php?rest_route=%2Fwp%2Fv2%2Fproduct_cat&post=405"},{"taxonomy":"product_tag","embeddable":true,"href":"https:\/\/dodies-chamber.ch\/index.php?rest_route=%2Fwp%2Fv2%2Fproduct_tag&post=405"}],"curies":[{"name":"wp","href":"https:\/\/api.w.org\/{rel}","templated":true}]}}