{"id":435,"date":"2021-08-16T17:46:18","date_gmt":"2021-08-16T17:46:18","guid":{"rendered":"https:\/\/dodies-chamber.ch\/?post_type=product&#038;p=435"},"modified":"2021-08-22T14:01:34","modified_gmt":"2021-08-22T14:01:34","slug":"qualle-artikel-nr-1203","status":"publish","type":"product","link":"https:\/\/dodies-chamber.ch\/?product=qualle-artikel-nr-1203","title":{"rendered":"Qualle"},"content":{"rendered":"<p>Cr\u00e8mefarbene Qualle mit Knochenspange. Dieser Artikel ist f\u00fcr kleine Kinder ungeeignet, da keine Sicherheitsaugen verwendet wurden. Die Knochenspange sitzt mittig auf dem Kopf und h\u00e4lt ein B\u00fcndel schwarzer Haare zusammen. Auf Wunsch kann eine Aufh\u00e4ngung angebracht werden. Die Qualle hat sehr lange Tentakeln und ist ca. 45 cm. lang.<\/p>\n<p>&nbsp;<\/p>\n","protected":false},"excerpt":{"rendered":"<p>Cr\u00e8mefarbene Qualle ohne Sicherheitsaugen und Knochenspange. Gr\u00f6sse ca. 45 cm.<\/p>\n","protected":false},"featured_media":436,"comment_status":"open","ping_status":"closed","template":"","meta":{"neve_meta_sidebar":"","neve_meta_container":"","neve_meta_enable_content_width":"off","neve_meta_content_width":100,"neve_meta_title_alignment":"","neve_meta_author_avatar":"","neve_post_elements_order":"","neve_meta_disable_header":"","neve_meta_disable_footer":"","neve_meta_disable_title":""},"product_brand":[],"product_cat":[27,16],"product_tag":[22,28,33],"class_list":{"0":"post-435","1":"product","2":"type-product","3":"status-publish","4":"has-post-thumbnail","6":"product_cat-ohne-sicherheitsaugen","7":"product_cat-stofftier","8":"product_tag-gothic-spielzeug","9":"product_tag-ohne-sicherheitsaugen","10":"product_tag-qualle","12":"first","13":"instock","14":"taxable","15":"shipping-taxable","16":"purchasable","17":"product-type-simple"},"_links":{"self":[{"href":"https:\/\/dodies-chamber.ch\/index.php?rest_route=\/wp\/v2\/product\/435","targetHints":{"allow":["GET"]}}],"collection":[{"href":"https:\/\/dodies-chamber.ch\/index.php?rest_route=\/wp\/v2\/product"}],"about":[{"href":"https:\/\/dodies-chamber.ch\/index.php?rest_route=\/wp\/v2\/types\/product"}],"replies":[{"embeddable":true,"href":"https:\/\/dodies-chamber.ch\/index.php?rest_route=%2Fwp%2Fv2%2Fcomments&post=435"}],"wp:featuredmedia":[{"embeddable":true,"href":"https:\/\/dodies-chamber.ch\/index.php?rest_route=\/wp\/v2\/media\/436"}],"wp:attachment":[{"href":"https:\/\/dodies-chamber.ch\/index.php?rest_route=%2Fwp%2Fv2%2Fmedia&parent=435"}],"wp:term":[{"taxonomy":"product_brand","embeddable":true,"href":"https:\/\/dodies-chamber.ch\/index.php?rest_route=%2Fwp%2Fv2%2Fproduct_brand&post=435"},{"taxonomy":"product_cat","embeddable":true,"href":"https:\/\/dodies-chamber.ch\/index.php?rest_route=%2Fwp%2Fv2%2Fproduct_cat&post=435"},{"taxonomy":"product_tag","embeddable":true,"href":"https:\/\/dodies-chamber.ch\/index.php?rest_route=%2Fwp%2Fv2%2Fproduct_tag&post=435"}],"curies":[{"name":"wp","href":"https:\/\/api.w.org\/{rel}","templated":true}]}}