{"id":494,"date":"2021-08-17T18:31:50","date_gmt":"2021-08-17T18:31:50","guid":{"rendered":"https:\/\/dodies-chamber.ch\/?post_type=product&#038;p=494"},"modified":"2021-08-22T14:04:33","modified_gmt":"2021-08-22T14:04:33","slug":"goth-hase","status":"publish","type":"product","link":"https:\/\/dodies-chamber.ch\/?product=goth-hase","title":{"rendered":"Goth-Hase"},"content":{"rendered":"<p>Das ist der Bruder von der H\u00e4sin. Er ist am liebsten nachts unterwegs. Vermutlich sind seine Augen blutunterlaufen, da er die Nacht wohl gefeiert hat. Er tr\u00e4gt eine rote Latzhose, ein schwarzes Shirt und schwarze Schuhe. Es wurden Sicherheitsaugen verwendet. Die Gr\u00f6sse betr\u00e4gt ca. 30 cm.<\/p>\n<p>Anleitung: H\u00e4keln, das Maschenmagazin<\/p>\n<p>&nbsp;<\/p>\n","protected":false},"excerpt":{"rendered":"<p>Goth-Hase mit roter Latzhose, mit Sicherheitsaugen, Gr\u00f6sse ca. 30 cm<\/p>\n","protected":false},"featured_media":495,"comment_status":"open","ping_status":"closed","template":"","meta":{"neve_meta_sidebar":"","neve_meta_container":"","neve_meta_enable_content_width":"off","neve_meta_content_width":100,"neve_meta_title_alignment":"","neve_meta_author_avatar":"","neve_post_elements_order":"","neve_meta_disable_header":"","neve_meta_disable_footer":"","neve_meta_disable_title":""},"product_brand":[],"product_cat":[26,16],"product_tag":[22,52,18],"class_list":{"0":"post-494","1":"product","2":"type-product","3":"status-publish","4":"has-post-thumbnail","6":"product_cat-mit-sicherheitsaugen","7":"product_cat-stofftier","8":"product_tag-gothic-spielzeug","9":"product_tag-hase","10":"product_tag-stofftier","12":"first","13":"instock","14":"taxable","15":"shipping-taxable","16":"purchasable","17":"product-type-simple"},"_links":{"self":[{"href":"https:\/\/dodies-chamber.ch\/index.php?rest_route=\/wp\/v2\/product\/494","targetHints":{"allow":["GET"]}}],"collection":[{"href":"https:\/\/dodies-chamber.ch\/index.php?rest_route=\/wp\/v2\/product"}],"about":[{"href":"https:\/\/dodies-chamber.ch\/index.php?rest_route=\/wp\/v2\/types\/product"}],"replies":[{"embeddable":true,"href":"https:\/\/dodies-chamber.ch\/index.php?rest_route=%2Fwp%2Fv2%2Fcomments&post=494"}],"wp:featuredmedia":[{"embeddable":true,"href":"https:\/\/dodies-chamber.ch\/index.php?rest_route=\/wp\/v2\/media\/495"}],"wp:attachment":[{"href":"https:\/\/dodies-chamber.ch\/index.php?rest_route=%2Fwp%2Fv2%2Fmedia&parent=494"}],"wp:term":[{"taxonomy":"product_brand","embeddable":true,"href":"https:\/\/dodies-chamber.ch\/index.php?rest_route=%2Fwp%2Fv2%2Fproduct_brand&post=494"},{"taxonomy":"product_cat","embeddable":true,"href":"https:\/\/dodies-chamber.ch\/index.php?rest_route=%2Fwp%2Fv2%2Fproduct_cat&post=494"},{"taxonomy":"product_tag","embeddable":true,"href":"https:\/\/dodies-chamber.ch\/index.php?rest_route=%2Fwp%2Fv2%2Fproduct_tag&post=494"}],"curies":[{"name":"wp","href":"https:\/\/api.w.org\/{rel}","templated":true}]}}